{"id":609,"date":"2021-12-27T15:17:03","date_gmt":"2021-12-27T15:17:03","guid":{"rendered":"https:\/\/www.misericordiadeseia.pt\/cultura\/?page_id=609"},"modified":"2022-01-21T12:57:05","modified_gmt":"2022-01-21T12:57:05","slug":"blog","status":"publish","type":"page","link":"https:\/\/www.misericordiadeseia.pt\/cultura\/blog\/","title":{"rendered":"Blog"},"content":{"rendered":"\t\t<div data-elementor-type=\"wp-page\" data-elementor-id=\"609\" class=\"elementor elementor-609\" data-elementor-post-type=\"page\">\n\t\t\t\t\t\t<section class=\"elementor-section elementor-top-section elementor-element elementor-element-75c3c0e elementor-section-height-min-height elementor-section-items-bottom elementor-section-boxed elementor-section-height-default\" data-id=\"75c3c0e\" data-element_type=\"section\" data-settings=\"{&quot;background_background&quot;:&quot;classic&quot;,&quot;background_motion_fx_motion_fx_scrolling&quot;:&quot;yes&quot;,&quot;background_motion_fx_translateY_effect&quot;:&quot;yes&quot;,&quot;background_motion_fx_translateY_speed&quot;:{&quot;unit&quot;:&quot;px&quot;,&quot;size&quot;:6,&quot;sizes&quot;:[]},&quot;background_motion_fx_translateY_affectedRange&quot;:{&quot;unit&quot;:&quot;%&quot;,&quot;size&quot;:&quot;&quot;,&quot;sizes&quot;:{&quot;start&quot;:0,&quot;end&quot;:100}},&quot;background_motion_fx_devices&quot;:[&quot;desktop&quot;,&quot;tablet&quot;,&quot;mobile&quot;]}\">\n\t\t\t\t\t\t\t<div class=\"elementor-background-overlay\"><\/div>\n\t\t\t\t\t\t\t<div class=\"elementor-container elementor-column-gap-default\">\n\t\t\t\t\t<div class=\"elementor-column elementor-col-100 elementor-top-column elementor-element elementor-element-c435978\" data-id=\"c435978\" data-element_type=\"column\">\n\t\t\t<div class=\"elementor-widget-wrap elementor-element-populated\">\n\t\t\t\t\t\t<div class=\"elementor-element elementor-element-ac39d43 elementor-widget elementor-widget-heading\" data-id=\"ac39d43\" data-element_type=\"widget\" data-widget_type=\"heading.default\">\n\t\t\t\t<div class=\"elementor-widget-container\">\n\t\t\t\t\t<h1 class=\"elementor-heading-title elementor-size-default\">Blog<\/h1>\t\t\t\t<\/div>\n\t\t\t\t<\/div>\n\t\t\t\t\t<\/div>\n\t\t<\/div>\n\t\t\t\t\t<\/div>\n\t\t<\/section>\n\t\t\t\t<section class=\"elementor-section elementor-top-section elementor-element elementor-element-434f841 elementor-section-boxed elementor-section-height-default elementor-section-height-default\" data-id=\"434f841\" data-element_type=\"section\">\n\t\t\t\t\t\t<div class=\"elementor-container elementor-column-gap-default\">\n\t\t\t\t\t<div class=\"elementor-column elementor-col-100 elementor-top-column elementor-element elementor-element-aa66329\" data-id=\"aa66329\" data-element_type=\"column\">\n\t\t\t<div class=\"elementor-widget-wrap elementor-element-populated\">\n\t\t\t\t\t\t<div class=\"elementor-element elementor-element-5291c13 elementor-widget elementor-widget-spacer\" data-id=\"5291c13\" data-element_type=\"widget\" data-widget_type=\"spacer.default\">\n\t\t\t\t<div class=\"elementor-widget-container\">\n\t\t\t\t\t\t\t<div class=\"elementor-spacer\">\n\t\t\t<div class=\"elementor-spacer-inner\"><\/div>\n\t\t<\/div>\n\t\t\t\t\t\t<\/div>\n\t\t\t\t<\/div>\n\t\t\t\t\t<\/div>\n\t\t<\/div>\n\t\t\t\t\t<\/div>\n\t\t<\/section>\n\t\t\t\t<section class=\"elementor-section elementor-top-section elementor-element elementor-element-96237a2 elementor-section-boxed elementor-section-height-default elementor-section-height-default\" data-id=\"96237a2\" data-element_type=\"section\">\n\t\t\t\t\t\t<div class=\"elementor-container elementor-column-gap-default\">\n\t\t\t\t\t<div class=\"elementor-column elementor-col-100 elementor-top-column elementor-element elementor-element-5bdaaf9\" data-id=\"5bdaaf9\" data-element_type=\"column\">\n\t\t\t<div class=\"elementor-widget-wrap elementor-element-populated\">\n\t\t\t\t\t\t<div class=\"elementor-element elementor-element-7e5a8ad elementor-grid-eael-col-2 elementor-grid-tablet-eael-col-2 elementor-grid-mobile-eael-col-1 elementor-widget elementor-widget-eael-post-grid\" data-id=\"7e5a8ad\" data-element_type=\"widget\" data-settings=\"{&quot;eael_post_grid_columns&quot;:&quot;eael-col-2&quot;,&quot;eael_post_grid_columns_tablet&quot;:&quot;eael-col-2&quot;,&quot;eael_post_grid_columns_mobile&quot;:&quot;eael-col-1&quot;}\" data-widget_type=\"eael-post-grid.default\">\n\t\t\t\t<div class=\"elementor-widget-container\">\n\t\t\t\t\t<div id=\"eael-post-grid-7e5a8ad\" class=\"eael-post-grid-container\">\n            <div class=\"eael-post-grid eael-post-appender eael-post-appender-7e5a8ad eael-post-grid-style-one\" data-layout-mode=\"grid\"><article class=\"eael-grid-post eael-post-grid-column\" data-id=\"726\">\n        <div class=\"eael-grid-post-holder\">\n            <div class=\"eael-grid-post-holder-inner\"><div class=\"eael-entry-media\"><div class=\"eael-entry-overlay fade-in\"><i class=\"fas fa-long-arrow-alt-right\" aria-hidden=\"true\"><\/i><a href=\"https:\/\/www.misericordiadeseia.pt\/cultura\/monumentos-desaparecidos-da-vila-de-ceia-capela-de-sao-sebastiao\/\"><\/a><\/div><div class=\"eael-entry-thumbnail \">\n                <img fetchpriority=\"high\" decoding=\"async\" width=\"800\" height=\"347\" src=\"https:\/\/www.misericordiadeseia.pt\/cultura\/wp-content\/uploads\/2022\/01\/MG_8552-copy-1024x444.jpg\" class=\"attachment-large size-large wp-image-749\" alt=\"\" srcset=\"https:\/\/www.misericordiadeseia.pt\/cultura\/wp-content\/uploads\/2022\/01\/MG_8552-copy-1024x444.jpg 1024w, https:\/\/www.misericordiadeseia.pt\/cultura\/wp-content\/uploads\/2022\/01\/MG_8552-copy-300x130.jpg 300w, https:\/\/www.misericordiadeseia.pt\/cultura\/wp-content\/uploads\/2022\/01\/MG_8552-copy-768x333.jpg 768w, https:\/\/www.misericordiadeseia.pt\/cultura\/wp-content\/uploads\/2022\/01\/MG_8552-copy-1536x666.jpg 1536w, https:\/\/www.misericordiadeseia.pt\/cultura\/wp-content\/uploads\/2022\/01\/MG_8552-copy-2048x888.jpg 2048w\" sizes=\"(max-width: 800px) 100vw, 800px\" \/>\n            <\/div>\n        <\/div><div class=\"eael-entry-wrapper\"><header class=\"eael-entry-header\"><h2 class=\"eael-entry-title\"><a\n                        class=\"eael-grid-post-link\"\n                        href=\"https:\/\/www.misericordiadeseia.pt\/cultura\/monumentos-desaparecidos-da-vila-de-ceia-capela-de-sao-sebastiao\/\"\n                        title=\"MONUMENTOS DESAPARECIDOS DA VILA DE CEIA: CAPELA DE S\u00c3O SEBASTI\u00c3O\">MONUMENTOS DESAPARECIDOS DA VILA DE CEIA: CAPELA DE S\u00c3O SEBASTI\u00c3O<\/a><\/h2><\/header><div class=\"eael-entry-content\">\n                        <div class=\"eael-grid-post-excerpt\"><a href=\"https:\/\/www.misericordiadeseia.pt\/cultura\/monumentos-desaparecidos-da-vila-de-ceia-capela-de-sao-sebastiao\/\" class=\"eael-post-elements-readmore-btn\">Ler Mais<\/a><\/div>\n                    <\/div><div class=\"eael-entry-footer\"><div class=\"eael-entry-meta\"><\/div><\/div><\/div><\/div>\n        <\/div>\n    <\/article><\/div>\n            <div class=\"clearfix\"><\/div>\n        <\/div>\t\t\t\t<\/div>\n\t\t\t\t<\/div>\n\t\t\t\t\t<\/div>\n\t\t<\/div>\n\t\t\t\t\t<\/div>\n\t\t<\/section>\n\t\t\t\t<section class=\"elementor-section elementor-top-section elementor-element elementor-element-be42592 elementor-section-boxed elementor-section-height-default elementor-section-height-default\" data-id=\"be42592\" data-element_type=\"section\">\n\t\t\t\t\t\t<div class=\"elementor-container elementor-column-gap-default\">\n\t\t\t\t\t<div class=\"elementor-column elementor-col-100 elementor-top-column elementor-element elementor-element-4d175e3\" data-id=\"4d175e3\" data-element_type=\"column\">\n\t\t\t<div class=\"elementor-widget-wrap elementor-element-populated\">\n\t\t\t\t\t\t<div class=\"elementor-element elementor-element-c09b106 elementor-widget elementor-widget-spacer\" data-id=\"c09b106\" data-element_type=\"widget\" data-widget_type=\"spacer.default\">\n\t\t\t\t<div class=\"elementor-widget-container\">\n\t\t\t\t\t\t\t<div class=\"elementor-spacer\">\n\t\t\t<div class=\"elementor-spacer-inner\"><\/div>\n\t\t<\/div>\n\t\t\t\t\t\t<\/div>\n\t\t\t\t<\/div>\n\t\t\t\t\t<\/div>\n\t\t<\/div>\n\t\t\t\t\t<\/div>\n\t\t<\/section>\n\t\t\t\t<\/div>\n\t\t","protected":false},"excerpt":{"rendered":"<p>Blog MONUMENTOS DESAPARECIDOS DA VILA DE CEIA: CAPELA DE S\u00c3O SEBASTI\u00c3O Ler Mais<\/p>\n","protected":false},"author":3,"featured_media":0,"parent":0,"menu_order":0,"comment_status":"closed","ping_status":"closed","template":"elementor_header_footer","meta":{"footnotes":""},"class_list":["post-609","page","type-page","status-publish","hentry"],"yoast_head":"<!-- This site is optimized with the Yoast SEO plugin v26.8 - https:\/\/yoast.com\/product\/yoast-seo-wordpress\/ -->\n<title>Blog - Miseric\u00f3rdia de Seia - Cultura<\/title>\n<meta name=\"robots\" content=\"index, follow, max-snippet:-1, max-image-preview:large, max-video-preview:-1\" \/>\n<link rel=\"canonical\" href=\"https:\/\/www.misericordiadeseia.pt\/cultura\/blog\/\" \/>\n<meta property=\"og:locale\" content=\"pt_PT\" \/>\n<meta property=\"og:type\" content=\"article\" \/>\n<meta property=\"og:title\" content=\"Blog - Miseric\u00f3rdia de Seia - Cultura\" \/>\n<meta property=\"og:description\" content=\"Blog MONUMENTOS DESAPARECIDOS DA VILA DE CEIA: CAPELA DE S\u00c3O SEBASTI\u00c3O Ler Mais\" \/>\n<meta property=\"og:url\" content=\"https:\/\/www.misericordiadeseia.pt\/cultura\/blog\/\" \/>\n<meta property=\"og:site_name\" content=\"Miseric\u00f3rdia de Seia - Cultura\" \/>\n<meta property=\"article:modified_time\" content=\"2022-01-21T12:57:05+00:00\" \/>\n<meta property=\"og:image\" content=\"https:\/\/www.misericordiadeseia.pt\/cultura\/wp-content\/uploads\/2022\/01\/MG_8552-copy-1024x444.jpg\" \/>\n<meta name=\"twitter:card\" content=\"summary_large_image\" \/>\n<script type=\"application\/ld+json\" class=\"yoast-schema-graph\">{\"@context\":\"https:\/\/schema.org\",\"@graph\":[{\"@type\":\"WebPage\",\"@id\":\"https:\/\/www.misericordiadeseia.pt\/cultura\/blog\/\",\"url\":\"https:\/\/www.misericordiadeseia.pt\/cultura\/blog\/\",\"name\":\"Blog - Miseric\u00f3rdia de Seia - Cultura\",\"isPartOf\":{\"@id\":\"https:\/\/www.misericordiadeseia.pt\/cultura\/#website\"},\"primaryImageOfPage\":{\"@id\":\"https:\/\/www.misericordiadeseia.pt\/cultura\/blog\/#primaryimage\"},\"image\":{\"@id\":\"https:\/\/www.misericordiadeseia.pt\/cultura\/blog\/#primaryimage\"},\"thumbnailUrl\":\"https:\/\/www.misericordiadeseia.pt\/cultura\/wp-content\/uploads\/2022\/01\/MG_8552-copy-1024x444.jpg\",\"datePublished\":\"2021-12-27T15:17:03+00:00\",\"dateModified\":\"2022-01-21T12:57:05+00:00\",\"breadcrumb\":{\"@id\":\"https:\/\/www.misericordiadeseia.pt\/cultura\/blog\/#breadcrumb\"},\"inLanguage\":\"pt-PT\",\"potentialAction\":[{\"@type\":\"ReadAction\",\"target\":[\"https:\/\/www.misericordiadeseia.pt\/cultura\/blog\/\"]}]},{\"@type\":\"ImageObject\",\"inLanguage\":\"pt-PT\",\"@id\":\"https:\/\/www.misericordiadeseia.pt\/cultura\/blog\/#primaryimage\",\"url\":\"https:\/\/www.misericordiadeseia.pt\/cultura\/wp-content\/uploads\/2022\/01\/MG_8552-copy.jpg\",\"contentUrl\":\"https:\/\/www.misericordiadeseia.pt\/cultura\/wp-content\/uploads\/2022\/01\/MG_8552-copy.jpg\",\"width\":2500,\"height\":1084},{\"@type\":\"BreadcrumbList\",\"@id\":\"https:\/\/www.misericordiadeseia.pt\/cultura\/blog\/#breadcrumb\",\"itemListElement\":[{\"@type\":\"ListItem\",\"position\":1,\"name\":\"In\u00edcio\",\"item\":\"https:\/\/www.misericordiadeseia.pt\/cultura\/\"},{\"@type\":\"ListItem\",\"position\":2,\"name\":\"Blog\"}]},{\"@type\":\"WebSite\",\"@id\":\"https:\/\/www.misericordiadeseia.pt\/cultura\/#website\",\"url\":\"https:\/\/www.misericordiadeseia.pt\/cultura\/\",\"name\":\"Miseric\u00f3rdia de Seia - Cultura\",\"description\":\"Estruturar a mem\u00f3ria... para que nunca se perca o passado!\",\"publisher\":{\"@id\":\"https:\/\/www.misericordiadeseia.pt\/cultura\/#organization\"},\"potentialAction\":[{\"@type\":\"SearchAction\",\"target\":{\"@type\":\"EntryPoint\",\"urlTemplate\":\"https:\/\/www.misericordiadeseia.pt\/cultura\/?s={search_term_string}\"},\"query-input\":{\"@type\":\"PropertyValueSpecification\",\"valueRequired\":true,\"valueName\":\"search_term_string\"}}],\"inLanguage\":\"pt-PT\"},{\"@type\":\"Organization\",\"@id\":\"https:\/\/www.misericordiadeseia.pt\/cultura\/#organization\",\"name\":\"Miseric\u00f3rdia de Seia - Cultura\",\"url\":\"https:\/\/www.misericordiadeseia.pt\/cultura\/\",\"logo\":{\"@type\":\"ImageObject\",\"inLanguage\":\"pt-PT\",\"@id\":\"https:\/\/www.misericordiadeseia.pt\/cultura\/#\/schema\/logo\/image\/\",\"url\":\"https:\/\/www.misericordiadeseia.pt\/cultura\/wp-content\/uploads\/2020\/09\/logo-misericordiadeseia.png\",\"contentUrl\":\"https:\/\/www.misericordiadeseia.pt\/cultura\/wp-content\/uploads\/2020\/09\/logo-misericordiadeseia.png\",\"width\":1646,\"height\":445,\"caption\":\"Miseric\u00f3rdia de Seia - Cultura\"},\"image\":{\"@id\":\"https:\/\/www.misericordiadeseia.pt\/cultura\/#\/schema\/logo\/image\/\"}}]}<\/script>\n<!-- \/ Yoast SEO plugin. -->","yoast_head_json":{"title":"Blog - Miseric\u00f3rdia de Seia - Cultura","robots":{"index":"index","follow":"follow","max-snippet":"max-snippet:-1","max-image-preview":"max-image-preview:large","max-video-preview":"max-video-preview:-1"},"canonical":"https:\/\/www.misericordiadeseia.pt\/cultura\/blog\/","og_locale":"pt_PT","og_type":"article","og_title":"Blog - Miseric\u00f3rdia de Seia - Cultura","og_description":"Blog MONUMENTOS DESAPARECIDOS DA VILA DE CEIA: CAPELA DE S\u00c3O SEBASTI\u00c3O Ler Mais","og_url":"https:\/\/www.misericordiadeseia.pt\/cultura\/blog\/","og_site_name":"Miseric\u00f3rdia de Seia - Cultura","article_modified_time":"2022-01-21T12:57:05+00:00","og_image":[{"url":"https:\/\/www.misericordiadeseia.pt\/cultura\/wp-content\/uploads\/2022\/01\/MG_8552-copy-1024x444.jpg","type":"","width":"","height":""}],"twitter_card":"summary_large_image","schema":{"@context":"https:\/\/schema.org","@graph":[{"@type":"WebPage","@id":"https:\/\/www.misericordiadeseia.pt\/cultura\/blog\/","url":"https:\/\/www.misericordiadeseia.pt\/cultura\/blog\/","name":"Blog - Miseric\u00f3rdia de Seia - Cultura","isPartOf":{"@id":"https:\/\/www.misericordiadeseia.pt\/cultura\/#website"},"primaryImageOfPage":{"@id":"https:\/\/www.misericordiadeseia.pt\/cultura\/blog\/#primaryimage"},"image":{"@id":"https:\/\/www.misericordiadeseia.pt\/cultura\/blog\/#primaryimage"},"thumbnailUrl":"https:\/\/www.misericordiadeseia.pt\/cultura\/wp-content\/uploads\/2022\/01\/MG_8552-copy-1024x444.jpg","datePublished":"2021-12-27T15:17:03+00:00","dateModified":"2022-01-21T12:57:05+00:00","breadcrumb":{"@id":"https:\/\/www.misericordiadeseia.pt\/cultura\/blog\/#breadcrumb"},"inLanguage":"pt-PT","potentialAction":[{"@type":"ReadAction","target":["https:\/\/www.misericordiadeseia.pt\/cultura\/blog\/"]}]},{"@type":"ImageObject","inLanguage":"pt-PT","@id":"https:\/\/www.misericordiadeseia.pt\/cultura\/blog\/#primaryimage","url":"https:\/\/www.misericordiadeseia.pt\/cultura\/wp-content\/uploads\/2022\/01\/MG_8552-copy.jpg","contentUrl":"https:\/\/www.misericordiadeseia.pt\/cultura\/wp-content\/uploads\/2022\/01\/MG_8552-copy.jpg","width":2500,"height":1084},{"@type":"BreadcrumbList","@id":"https:\/\/www.misericordiadeseia.pt\/cultura\/blog\/#breadcrumb","itemListElement":[{"@type":"ListItem","position":1,"name":"In\u00edcio","item":"https:\/\/www.misericordiadeseia.pt\/cultura\/"},{"@type":"ListItem","position":2,"name":"Blog"}]},{"@type":"WebSite","@id":"https:\/\/www.misericordiadeseia.pt\/cultura\/#website","url":"https:\/\/www.misericordiadeseia.pt\/cultura\/","name":"Miseric\u00f3rdia de Seia - Cultura","description":"Estruturar a mem\u00f3ria... para que nunca se perca o passado!","publisher":{"@id":"https:\/\/www.misericordiadeseia.pt\/cultura\/#organization"},"potentialAction":[{"@type":"SearchAction","target":{"@type":"EntryPoint","urlTemplate":"https:\/\/www.misericordiadeseia.pt\/cultura\/?s={search_term_string}"},"query-input":{"@type":"PropertyValueSpecification","valueRequired":true,"valueName":"search_term_string"}}],"inLanguage":"pt-PT"},{"@type":"Organization","@id":"https:\/\/www.misericordiadeseia.pt\/cultura\/#organization","name":"Miseric\u00f3rdia de Seia - Cultura","url":"https:\/\/www.misericordiadeseia.pt\/cultura\/","logo":{"@type":"ImageObject","inLanguage":"pt-PT","@id":"https:\/\/www.misericordiadeseia.pt\/cultura\/#\/schema\/logo\/image\/","url":"https:\/\/www.misericordiadeseia.pt\/cultura\/wp-content\/uploads\/2020\/09\/logo-misericordiadeseia.png","contentUrl":"https:\/\/www.misericordiadeseia.pt\/cultura\/wp-content\/uploads\/2020\/09\/logo-misericordiadeseia.png","width":1646,"height":445,"caption":"Miseric\u00f3rdia de Seia - Cultura"},"image":{"@id":"https:\/\/www.misericordiadeseia.pt\/cultura\/#\/schema\/logo\/image\/"}}]}},"_links":{"self":[{"href":"https:\/\/www.misericordiadeseia.pt\/cultura\/wp-json\/wp\/v2\/pages\/609","targetHints":{"allow":["GET"]}}],"collection":[{"href":"https:\/\/www.misericordiadeseia.pt\/cultura\/wp-json\/wp\/v2\/pages"}],"about":[{"href":"https:\/\/www.misericordiadeseia.pt\/cultura\/wp-json\/wp\/v2\/types\/page"}],"author":[{"embeddable":true,"href":"https:\/\/www.misericordiadeseia.pt\/cultura\/wp-json\/wp\/v2\/users\/3"}],"replies":[{"embeddable":true,"href":"https:\/\/www.misericordiadeseia.pt\/cultura\/wp-json\/wp\/v2\/comments?post=609"}],"version-history":[{"count":25,"href":"https:\/\/www.misericordiadeseia.pt\/cultura\/wp-json\/wp\/v2\/pages\/609\/revisions"}],"predecessor-version":[{"id":752,"href":"https:\/\/www.misericordiadeseia.pt\/cultura\/wp-json\/wp\/v2\/pages\/609\/revisions\/752"}],"wp:attachment":[{"href":"https:\/\/www.misericordiadeseia.pt\/cultura\/wp-json\/wp\/v2\/media?parent=609"}],"curies":[{"name":"wp","href":"https:\/\/api.w.org\/{rel}","templated":true}]}}