{"id":48,"date":"2021-05-21T09:44:35","date_gmt":"2021-05-21T09:44:35","guid":{"rendered":"https:\/\/www.misericordiadeseia.pt\/erpi\/?page_id=48"},"modified":"2025-02-20T15:29:32","modified_gmt":"2025-02-20T15:29:32","slug":"contactos","status":"publish","type":"page","link":"https:\/\/www.misericordiadeseia.pt\/erpi\/contactos\/","title":{"rendered":"Contactos"},"content":{"rendered":"\t\t<div data-elementor-type=\"wp-page\" data-elementor-id=\"48\" class=\"elementor elementor-48\" data-elementor-post-type=\"page\">\n\t\t\t\t\t\t<section class=\"elementor-section elementor-top-section elementor-element elementor-element-0b23a9e elementor-section-boxed elementor-section-height-default elementor-section-height-default\" data-id=\"0b23a9e\" data-element_type=\"section\" data-settings=\"{&quot;background_background&quot;:&quot;classic&quot;,&quot;shape_divider_bottom&quot;:&quot;arrow&quot;,&quot;shape_divider_bottom_negative&quot;:&quot;yes&quot;}\">\n\t\t\t\t\t<div class=\"elementor-shape elementor-shape-bottom\" data-negative=\"true\">\n\t\t\t<svg xmlns=\"http:\/\/www.w3.org\/2000\/svg\" viewBox=\"0 0 700 10\" preserveAspectRatio=\"none\">\n\t<path class=\"elementor-shape-fill\" d=\"M360 0L350 9.9 340 0 0 0 0 10 700 10 700 0\"\/>\n<\/svg>\t\t<\/div>\n\t\t\t\t\t<div class=\"elementor-container elementor-column-gap-default\">\n\t\t\t\t\t<div class=\"elementor-column elementor-col-100 elementor-top-column elementor-element elementor-element-2a06faf\" data-id=\"2a06faf\" data-element_type=\"column\">\n\t\t\t<div class=\"elementor-widget-wrap elementor-element-populated\">\n\t\t\t\t\t\t<div class=\"elementor-element elementor-element-c2ad19c elementor-widget elementor-widget-heading\" data-id=\"c2ad19c\" data-element_type=\"widget\" data-widget_type=\"heading.default\">\n\t\t\t\t<div class=\"elementor-widget-container\">\n\t\t\t\t\t<h2 class=\"elementor-heading-title elementor-size-default\">Contactos<\/h2>\t\t\t\t<\/div>\n\t\t\t\t<\/div>\n\t\t\t\t<div class=\"elementor-element elementor-element-5ef2836 elementor-widget-divider--view-line elementor-widget elementor-widget-divider\" data-id=\"5ef2836\" data-element_type=\"widget\" data-widget_type=\"divider.default\">\n\t\t\t\t<div class=\"elementor-widget-container\">\n\t\t\t\t\t\t\t<div class=\"elementor-divider\">\n\t\t\t<span class=\"elementor-divider-separator\">\n\t\t\t\t\t\t<\/span>\n\t\t<\/div>\n\t\t\t\t\t\t<\/div>\n\t\t\t\t<\/div>\n\t\t\t\t\t<\/div>\n\t\t<\/div>\n\t\t\t\t\t<\/div>\n\t\t<\/section>\n\t\t\t\t<section class=\"elementor-section elementor-top-section elementor-element elementor-element-336d5e8 elementor-section-boxed elementor-section-height-default elementor-section-height-default\" data-id=\"336d5e8\" data-element_type=\"section\">\n\t\t\t\t\t\t<div class=\"elementor-container elementor-column-gap-default\">\n\t\t\t\t\t<div class=\"elementor-column elementor-col-100 elementor-top-column elementor-element elementor-element-581085f\" data-id=\"581085f\" data-element_type=\"column\">\n\t\t\t<div class=\"elementor-widget-wrap elementor-element-populated\">\n\t\t\t\t\t\t<div class=\"elementor-element elementor-element-c0691ee elementor-widget elementor-widget-spacer\" data-id=\"c0691ee\" data-element_type=\"widget\" data-widget_type=\"spacer.default\">\n\t\t\t\t<div class=\"elementor-widget-container\">\n\t\t\t\t\t\t\t<div class=\"elementor-spacer\">\n\t\t\t<div class=\"elementor-spacer-inner\"><\/div>\n\t\t<\/div>\n\t\t\t\t\t\t<\/div>\n\t\t\t\t<\/div>\n\t\t\t\t\t<\/div>\n\t\t<\/div>\n\t\t\t\t\t<\/div>\n\t\t<\/section>\n\t\t\t\t<section class=\"elementor-section elementor-top-section elementor-element elementor-element-cdb984b elementor-section-boxed elementor-section-height-default elementor-section-height-default\" data-id=\"cdb984b\" data-element_type=\"section\">\n\t\t\t\t\t\t<div class=\"elementor-container elementor-column-gap-default\">\n\t\t\t\t\t<div class=\"elementor-column elementor-col-50 elementor-top-column elementor-element elementor-element-592c280\" data-id=\"592c280\" data-element_type=\"column\">\n\t\t\t<div class=\"elementor-widget-wrap elementor-element-populated\">\n\t\t\t\t\t\t<div class=\"elementor-element elementor-element-7c3b81d elementor-widget elementor-widget-text-editor\" data-id=\"7c3b81d\" data-element_type=\"widget\" data-widget_type=\"text-editor.default\">\n\t\t\t\t<div class=\"elementor-widget-container\">\n\t\t\t\t\t\t\t\t\t<p>Se tiver alguma d\u00favida, n\u00e3o hesite em enviar-nos uma mensagem.<\/p>\t\t\t\t\t\t\t\t<\/div>\n\t\t\t\t<\/div>\n\t\t\t\t<div class=\"elementor-element elementor-element-fbb8431 elementor-widget elementor-widget-text-editor\" data-id=\"fbb8431\" data-element_type=\"widget\" data-widget_type=\"text-editor.default\">\n\t\t\t\t<div class=\"elementor-widget-container\">\n\t\t\t\t\t\t\t\t\t<p>Estrutura Residencial para Pessoas Idosas<\/p>\t\t\t\t\t\t\t\t<\/div>\n\t\t\t\t<\/div>\n\t\t\t\t<div class=\"elementor-element elementor-element-81028e8 elementor-icon-list--layout-traditional elementor-list-item-link-full_width elementor-widget elementor-widget-icon-list\" data-id=\"81028e8\" data-element_type=\"widget\" data-widget_type=\"icon-list.default\">\n\t\t\t\t<div class=\"elementor-widget-container\">\n\t\t\t\t\t\t\t<ul class=\"elementor-icon-list-items\">\n\t\t\t\t\t\t\t<li class=\"elementor-icon-list-item\">\n\t\t\t\t\t\t\t\t\t\t\t<a href=\"https:\/\/www.google.pt\/maps\/place\/ERPI+da+Santa+Casa+da+Miseric%C3%B3rdia+de+Seia\/@40.4196205,-7.7190596,14z\/data=!4m9!1m2!2m1!1sMiseric%C3%B3rdia+seia+estrutura+residencial+para+pessoas+idosas!3m5!1s0xd3cd56e23aa8f1f:0xb0e8142e4f5e8acc!8m2!3d40.4236064!4d-7.7370734!15sCjxNaXNlcmljw7NyZGlhIHNlaWEgZXN0cnV0dXJhIHJlc2lkZW5jaWFsIHBhcmEgcGVzc29hcyBpZG9zYXNaPiI8bWlzZXJpY8OzcmRpYSBzZWlhIGVzdHJ1dHVyYSByZXNpZGVuY2lhbCBwYXJhIHBlc3NvYXMgaWRvc2FzkgEPcmV0aXJlbWVudF9ob21l\">\n\n\t\t\t\t\t\t\t\t\t\t\t\t<span class=\"elementor-icon-list-icon\">\n\t\t\t\t\t\t\t<i aria-hidden=\"true\" class=\"fas fa-map-pin\"><\/i>\t\t\t\t\t\t<\/span>\n\t\t\t\t\t\t\t\t\t\t<span class=\"elementor-icon-list-text\">Av. Nossa Senhora da Concei\u00e7\u00e3o, n.\u00ba3, 6270-211 Santiago-Seia<\/span>\n\t\t\t\t\t\t\t\t\t\t\t<\/a>\n\t\t\t\t\t\t\t\t\t<\/li>\n\t\t\t\t\t\t\t\t<li class=\"elementor-icon-list-item\">\n\t\t\t\t\t\t\t\t\t\t\t<a href=\"tel:+351238310080\">\n\n\t\t\t\t\t\t\t\t\t\t\t\t<span class=\"elementor-icon-list-icon\">\n\t\t\t\t\t\t\t<i aria-hidden=\"true\" class=\"fas fa-phone-volume\"><\/i>\t\t\t\t\t\t<\/span>\n\t\t\t\t\t\t\t\t\t\t<span class=\"elementor-icon-list-text\">+351 238 310 080 *<\/span>\n\t\t\t\t\t\t\t\t\t\t\t<\/a>\n\t\t\t\t\t\t\t\t\t<\/li>\n\t\t\t\t\t\t\t\t<li class=\"elementor-icon-list-item\">\n\t\t\t\t\t\t\t\t\t\t\t<a href=\"mailto:lar@misericordiadeseia.pt\">\n\n\t\t\t\t\t\t\t\t\t\t\t\t<span class=\"elementor-icon-list-icon\">\n\t\t\t\t\t\t\t<i aria-hidden=\"true\" class=\"fas fa-envelope-open\"><\/i>\t\t\t\t\t\t<\/span>\n\t\t\t\t\t\t\t\t\t\t<span class=\"elementor-icon-list-text\">lar@misericordiadeseia.pt<\/span>\n\t\t\t\t\t\t\t\t\t\t\t<\/a>\n\t\t\t\t\t\t\t\t\t<\/li>\n\t\t\t\t\t\t<\/ul>\n\t\t\t\t\t\t<\/div>\n\t\t\t\t<\/div>\n\t\t\t\t<div class=\"elementor-element elementor-element-2074a26 elementor-widget elementor-widget-heading\" data-id=\"2074a26\" data-element_type=\"widget\" data-widget_type=\"heading.default\">\n\t\t\t\t<div class=\"elementor-widget-container\">\n\t\t\t\t\t<span class=\"elementor-heading-title elementor-size-default\">* Chamada para a rede fixa nacional<\/span>\t\t\t\t<\/div>\n\t\t\t\t<\/div>\n\t\t\t\t<div class=\"elementor-element elementor-element-0e94e36 elementor-shape-circle e-grid-align-left e-grid-align-mobile-center elementor-grid-0 elementor-widget elementor-widget-social-icons\" data-id=\"0e94e36\" data-element_type=\"widget\" data-widget_type=\"social-icons.default\">\n\t\t\t\t<div class=\"elementor-widget-container\">\n\t\t\t\t\t\t\t<div class=\"elementor-social-icons-wrapper elementor-grid\">\n\t\t\t\t\t\t\t<span class=\"elementor-grid-item\">\n\t\t\t\t\t<a class=\"elementor-icon elementor-social-icon elementor-social-icon-facebook elementor-repeater-item-ad81606\" href=\"https:\/\/www.facebook.com\/misericordiadeseia\/\" target=\"_blank\">\n\t\t\t\t\t\t<span class=\"elementor-screen-only\">Facebook<\/span>\n\t\t\t\t\t\t<i class=\"fab fa-facebook\"><\/i>\t\t\t\t\t<\/a>\n\t\t\t\t<\/span>\n\t\t\t\t\t\t\t<span class=\"elementor-grid-item\">\n\t\t\t\t\t<a class=\"elementor-icon elementor-social-icon elementor-social-icon-linkedin elementor-repeater-item-4247a74\" href=\"https:\/\/www.linkedin.com\/company\/scmseia\/\" target=\"_blank\">\n\t\t\t\t\t\t<span class=\"elementor-screen-only\">Linkedin<\/span>\n\t\t\t\t\t\t<i class=\"fab fa-linkedin\"><\/i>\t\t\t\t\t<\/a>\n\t\t\t\t<\/span>\n\t\t\t\t\t\t\t<span class=\"elementor-grid-item\">\n\t\t\t\t\t<a class=\"elementor-icon elementor-social-icon elementor-social-icon-instagram elementor-repeater-item-4129e95\" href=\"https:\/\/www.instagram.com\/misericordiadeseia\/\" target=\"_blank\">\n\t\t\t\t\t\t<span class=\"elementor-screen-only\">Instagram<\/span>\n\t\t\t\t\t\t<i class=\"fab fa-instagram\"><\/i>\t\t\t\t\t<\/a>\n\t\t\t\t<\/span>\n\t\t\t\t\t<\/div>\n\t\t\t\t\t\t<\/div>\n\t\t\t\t<\/div>\n\t\t\t\t<div class=\"elementor-element elementor-element-a4ad7d4 elementor-widget elementor-widget-spacer\" data-id=\"a4ad7d4\" data-element_type=\"widget\" data-widget_type=\"spacer.default\">\n\t\t\t\t<div class=\"elementor-widget-container\">\n\t\t\t\t\t\t\t<div class=\"elementor-spacer\">\n\t\t\t<div class=\"elementor-spacer-inner\"><\/div>\n\t\t<\/div>\n\t\t\t\t\t\t<\/div>\n\t\t\t\t<\/div>\n\t\t\t\t<div class=\"elementor-element elementor-element-fbc11a4 elementor-widget elementor-widget-image\" data-id=\"fbc11a4\" data-element_type=\"widget\" data-widget_type=\"image.default\">\n\t\t\t\t<div class=\"elementor-widget-container\">\n\t\t\t\t\t\t\t\t\t\t\t\t\t\t\t<img fetchpriority=\"high\" decoding=\"async\" width=\"512\" height=\"512\" src=\"https:\/\/www.misericordiadeseia.pt\/erpi\/wp-content\/uploads\/2021\/03\/cropped-icone-512x512-1.png\" class=\"attachment-large size-large wp-image-54\" alt=\"\" srcset=\"https:\/\/www.misericordiadeseia.pt\/erpi\/wp-content\/uploads\/2021\/03\/cropped-icone-512x512-1.png 512w, https:\/\/www.misericordiadeseia.pt\/erpi\/wp-content\/uploads\/2021\/03\/cropped-icone-512x512-1-300x300.png 300w, https:\/\/www.misericordiadeseia.pt\/erpi\/wp-content\/uploads\/2021\/03\/cropped-icone-512x512-1-150x150.png 150w, https:\/\/www.misericordiadeseia.pt\/erpi\/wp-content\/uploads\/2021\/03\/cropped-icone-512x512-1-270x270.png 270w, https:\/\/www.misericordiadeseia.pt\/erpi\/wp-content\/uploads\/2021\/03\/cropped-icone-512x512-1-192x192.png 192w, https:\/\/www.misericordiadeseia.pt\/erpi\/wp-content\/uploads\/2021\/03\/cropped-icone-512x512-1-180x180.png 180w, https:\/\/www.misericordiadeseia.pt\/erpi\/wp-content\/uploads\/2021\/03\/cropped-icone-512x512-1-32x32.png 32w\" sizes=\"(max-width: 512px) 100vw, 512px\" \/>\t\t\t\t\t\t\t\t\t\t\t\t\t\t\t<\/div>\n\t\t\t\t<\/div>\n\t\t\t\t\t<\/div>\n\t\t<\/div>\n\t\t\t\t<div class=\"elementor-column elementor-col-50 elementor-top-column elementor-element elementor-element-35b80dd\" data-id=\"35b80dd\" data-element_type=\"column\">\n\t\t\t<div class=\"elementor-widget-wrap elementor-element-populated\">\n\t\t\t\t\t\t<div class=\"elementor-element elementor-element-0291ae5 scms-form form-light-bg elementor-widget elementor-widget-shortcode\" data-id=\"0291ae5\" data-element_type=\"widget\" data-widget_type=\"shortcode.default\">\n\t\t\t\t<div class=\"elementor-widget-container\">\n\t\t\t\t\t\t\t<div class=\"elementor-shortcode\">\n<div class=\"wpcf7 no-js\" id=\"wpcf7-f5-o1\" lang=\"pt-PT\" dir=\"ltr\" data-wpcf7-id=\"5\">\n<div class=\"screen-reader-response\"><p role=\"status\" aria-live=\"polite\" aria-atomic=\"true\"><\/p> <ul><\/ul><\/div>\n<form action=\"\/erpi\/wp-json\/wp\/v2\/pages\/48?doing_wp_cron=1776686027.5513429641723632812500#wpcf7-f5-o1\" method=\"post\" class=\"wpcf7-form init\" aria-label=\"Formul\u00e1rio de contacto\" novalidate=\"novalidate\" data-status=\"init\">\n<fieldset class=\"hidden-fields-container\"><input type=\"hidden\" name=\"_wpcf7\" value=\"5\" \/><input type=\"hidden\" name=\"_wpcf7_version\" value=\"6.1.5\" \/><input type=\"hidden\" name=\"_wpcf7_locale\" value=\"pt_PT\" \/><input type=\"hidden\" name=\"_wpcf7_unit_tag\" value=\"wpcf7-f5-o1\" \/><input type=\"hidden\" name=\"_wpcf7_container_post\" value=\"0\" \/><input type=\"hidden\" name=\"_wpcf7_posted_data_hash\" value=\"\" \/><input type=\"hidden\" name=\"_wpcf7_recaptcha_response\" value=\"\" \/>\n<\/fieldset>\n<p><label> Nome *<br \/>\n<span class=\"wpcf7-form-control-wrap\" data-name=\"your-name\"><input size=\"40\" maxlength=\"400\" class=\"wpcf7-form-control wpcf7-text wpcf7-validates-as-required\" aria-required=\"true\" aria-invalid=\"false\" value=\"\" type=\"text\" name=\"your-name\" \/><\/span> <\/label>\n<\/p>\n<p><label> Email *<br \/>\n<span class=\"wpcf7-form-control-wrap\" data-name=\"your-email\"><input size=\"40\" maxlength=\"400\" class=\"wpcf7-form-control wpcf7-email wpcf7-validates-as-required wpcf7-text wpcf7-validates-as-email\" aria-required=\"true\" aria-invalid=\"false\" value=\"\" type=\"email\" name=\"your-email\" \/><\/span> <\/label>\n<\/p>\n<p><label> Assunto<br \/>\n<span class=\"wpcf7-form-control-wrap\" data-name=\"your-subject\"><input size=\"40\" maxlength=\"400\" class=\"wpcf7-form-control wpcf7-text\" aria-invalid=\"false\" value=\"\" type=\"text\" name=\"your-subject\" \/><\/span> <\/label>\n<\/p>\n<p><label> Mensagem<br \/>\n<span class=\"wpcf7-form-control-wrap\" data-name=\"your-message\"><textarea cols=\"40\" rows=\"10\" maxlength=\"2000\" class=\"wpcf7-form-control wpcf7-textarea\" aria-invalid=\"false\" name=\"your-message\"><\/textarea><\/span> <\/label>\n<\/p>\n<p><span class=\"wpcf7-form-control-wrap\" data-name=\"acceptance-173\"><span class=\"wpcf7-form-control wpcf7-acceptance\"><span class=\"wpcf7-list-item\"><label><input type=\"checkbox\" name=\"acceptance-173\" value=\"1\" aria-invalid=\"false\" \/><span class=\"wpcf7-list-item-label\">Li e aceito a <a href=\"#\">Pol\u00edtica de Privacidade<\/a><\/span><\/label><\/span><\/span><\/span>\n<\/p>\n<p><small>* Campos obrigat\u00f3rios<\/small>\n<\/p>\n<p><input class=\"wpcf7-form-control wpcf7-submit has-spinner\" type=\"submit\" value=\"Enviar Mensagem\" \/>\n<\/p><div class=\"wpcf7-response-output\" aria-hidden=\"true\"><\/div>\n<\/form>\n<\/div>\n<\/div>\n\t\t\t\t\t\t<\/div>\n\t\t\t\t<\/div>\n\t\t\t\t\t<\/div>\n\t\t<\/div>\n\t\t\t\t\t<\/div>\n\t\t<\/section>\n\t\t\t\t<section class=\"elementor-section elementor-top-section elementor-element elementor-element-48ce786 elementor-section-boxed elementor-section-height-default elementor-section-height-default\" data-id=\"48ce786\" data-element_type=\"section\">\n\t\t\t\t\t\t<div class=\"elementor-container elementor-column-gap-default\">\n\t\t\t\t\t<div class=\"elementor-column elementor-col-100 elementor-top-column elementor-element elementor-element-1264a99\" data-id=\"1264a99\" data-element_type=\"column\">\n\t\t\t<div class=\"elementor-widget-wrap elementor-element-populated\">\n\t\t\t\t\t\t<div class=\"elementor-element elementor-element-3d47db8 elementor-widget elementor-widget-spacer\" data-id=\"3d47db8\" data-element_type=\"widget\" data-widget_type=\"spacer.default\">\n\t\t\t\t<div class=\"elementor-widget-container\">\n\t\t\t\t\t\t\t<div class=\"elementor-spacer\">\n\t\t\t<div class=\"elementor-spacer-inner\"><\/div>\n\t\t<\/div>\n\t\t\t\t\t\t<\/div>\n\t\t\t\t<\/div>\n\t\t\t\t\t<\/div>\n\t\t<\/div>\n\t\t\t\t\t<\/div>\n\t\t<\/section>\n\t\t\t\t<section class=\"elementor-section elementor-top-section elementor-element elementor-element-040da26 elementor-section-full_width elementor-section-height-default elementor-section-height-default\" data-id=\"040da26\" data-element_type=\"section\">\n\t\t\t\t\t\t<div class=\"elementor-container elementor-column-gap-default\">\n\t\t\t\t\t<div class=\"elementor-column elementor-col-100 elementor-top-column elementor-element elementor-element-78350c1\" data-id=\"78350c1\" data-element_type=\"column\">\n\t\t\t<div class=\"elementor-widget-wrap elementor-element-populated\">\n\t\t\t\t\t\t<div class=\"elementor-element elementor-element-e58e254 elementor-widget elementor-widget-google_maps\" data-id=\"e58e254\" data-element_type=\"widget\" data-widget_type=\"google_maps.default\">\n\t\t\t\t<div class=\"elementor-widget-container\">\n\t\t\t\t\t\t\t<div class=\"elementor-custom-embed\">\n\t\t\t<iframe loading=\"lazy\"\n\t\t\t\t\tsrc=\"https:\/\/maps.google.com\/maps?q=ERPI%20da%20Santa%20Casa%20da%20Miseric%C3%B3rdia%20de%20Seia&#038;t=m&#038;z=10&#038;output=embed&#038;iwloc=near\"\n\t\t\t\t\ttitle=\"ERPI da Santa Casa da Miseric\u00f3rdia de Seia\"\n\t\t\t\t\taria-label=\"ERPI da Santa Casa da Miseric\u00f3rdia de Seia\"\n\t\t\t><\/iframe>\n\t\t<\/div>\n\t\t\t\t\t\t<\/div>\n\t\t\t\t<\/div>\n\t\t\t\t\t<\/div>\n\t\t<\/div>\n\t\t\t\t\t<\/div>\n\t\t<\/section>\n\t\t\t\t<\/div>\n\t\t","protected":false},"excerpt":{"rendered":"<p>Contactos Se tiver alguma d\u00favida, n\u00e3o hesite em enviar-nos uma mensagem. Estrutura Residencial para Pessoas Idosas Av. Nossa Senhora da Concei\u00e7\u00e3o, n.\u00ba3, 6270-211 Santiago-Seia +351 238 310 080 * lar@misericordiadeseia.pt * Chamada para a rede fixa nacional Facebook Linkedin Instagram<\/p>\n","protected":false},"author":3,"featured_media":0,"parent":0,"menu_order":0,"comment_status":"closed","ping_status":"closed","template":"elementor_header_footer","meta":{"footnotes":""},"class_list":["post-48","page","type-page","status-publish","hentry"],"yoast_head":"<!-- This site is optimized with the Yoast SEO plugin v27.4 - https:\/\/yoast.com\/product\/yoast-seo-wordpress\/ -->\n<title>Contactos - Miseric\u00f3rdia de Seia - ERPI<\/title>\n<meta name=\"robots\" content=\"index, follow, max-snippet:-1, max-image-preview:large, max-video-preview:-1\" \/>\n<link rel=\"canonical\" href=\"https:\/\/www.misericordiadeseia.pt\/erpi\/contactos\/\" \/>\n<meta property=\"og:locale\" content=\"pt_PT\" \/>\n<meta property=\"og:type\" content=\"article\" \/>\n<meta property=\"og:title\" content=\"Contactos - Miseric\u00f3rdia de Seia - ERPI\" \/>\n<meta property=\"og:description\" content=\"Contactos Se tiver alguma d\u00favida, n\u00e3o hesite em enviar-nos uma mensagem. Estrutura Residencial para Pessoas Idosas Av. Nossa Senhora da Concei\u00e7\u00e3o, n.\u00ba3, 6270-211 Santiago-Seia +351 238 310 080 * lar@misericordiadeseia.pt * Chamada para a rede fixa nacional Facebook Linkedin Instagram\" \/>\n<meta property=\"og:url\" content=\"https:\/\/www.misericordiadeseia.pt\/erpi\/contactos\/\" \/>\n<meta property=\"og:site_name\" content=\"Miseric\u00f3rdia de Seia - ERPI\" \/>\n<meta property=\"article:modified_time\" content=\"2025-02-20T15:29:32+00:00\" \/>\n<meta property=\"og:image\" content=\"https:\/\/www.misericordiadeseia.pt\/erpi\/wp-content\/uploads\/2021\/03\/cropped-icone-512x512-1.png\" \/>\n\t<meta property=\"og:image:width\" content=\"512\" \/>\n\t<meta property=\"og:image:height\" content=\"512\" \/>\n\t<meta property=\"og:image:type\" content=\"image\/png\" \/>\n<meta name=\"twitter:card\" content=\"summary_large_image\" \/>\n<meta name=\"twitter:label1\" content=\"Tempo estimado de leitura\" \/>\n\t<meta name=\"twitter:data1\" content=\"1 minuto\" \/>\n<script type=\"application\/ld+json\" class=\"yoast-schema-graph\">{\"@context\":\"https:\\\/\\\/schema.org\",\"@graph\":[{\"@type\":\"WebPage\",\"@id\":\"https:\\\/\\\/www.misericordiadeseia.pt\\\/erpi\\\/contactos\\\/\",\"url\":\"https:\\\/\\\/www.misericordiadeseia.pt\\\/erpi\\\/contactos\\\/\",\"name\":\"Contactos - Miseric\u00f3rdia de Seia - ERPI\",\"isPartOf\":{\"@id\":\"https:\\\/\\\/www.misericordiadeseia.pt\\\/erpi\\\/#website\"},\"primaryImageOfPage\":{\"@id\":\"https:\\\/\\\/www.misericordiadeseia.pt\\\/erpi\\\/contactos\\\/#primaryimage\"},\"image\":{\"@id\":\"https:\\\/\\\/www.misericordiadeseia.pt\\\/erpi\\\/contactos\\\/#primaryimage\"},\"thumbnailUrl\":\"https:\\\/\\\/www.misericordiadeseia.pt\\\/erpi\\\/wp-content\\\/uploads\\\/2021\\\/03\\\/cropped-icone-512x512-1.png\",\"datePublished\":\"2021-05-21T09:44:35+00:00\",\"dateModified\":\"2025-02-20T15:29:32+00:00\",\"breadcrumb\":{\"@id\":\"https:\\\/\\\/www.misericordiadeseia.pt\\\/erpi\\\/contactos\\\/#breadcrumb\"},\"inLanguage\":\"pt-PT\",\"potentialAction\":[{\"@type\":\"ReadAction\",\"target\":[\"https:\\\/\\\/www.misericordiadeseia.pt\\\/erpi\\\/contactos\\\/\"]}]},{\"@type\":\"ImageObject\",\"inLanguage\":\"pt-PT\",\"@id\":\"https:\\\/\\\/www.misericordiadeseia.pt\\\/erpi\\\/contactos\\\/#primaryimage\",\"url\":\"https:\\\/\\\/www.misericordiadeseia.pt\\\/erpi\\\/wp-content\\\/uploads\\\/2021\\\/03\\\/cropped-icone-512x512-1.png\",\"contentUrl\":\"https:\\\/\\\/www.misericordiadeseia.pt\\\/erpi\\\/wp-content\\\/uploads\\\/2021\\\/03\\\/cropped-icone-512x512-1.png\",\"width\":512,\"height\":512},{\"@type\":\"BreadcrumbList\",\"@id\":\"https:\\\/\\\/www.misericordiadeseia.pt\\\/erpi\\\/contactos\\\/#breadcrumb\",\"itemListElement\":[{\"@type\":\"ListItem\",\"position\":1,\"name\":\"In\u00edcio\",\"item\":\"https:\\\/\\\/www.misericordiadeseia.pt\\\/erpi\\\/\"},{\"@type\":\"ListItem\",\"position\":2,\"name\":\"Contactos\"}]},{\"@type\":\"WebSite\",\"@id\":\"https:\\\/\\\/www.misericordiadeseia.pt\\\/erpi\\\/#website\",\"url\":\"https:\\\/\\\/www.misericordiadeseia.pt\\\/erpi\\\/\",\"name\":\"Miseric\u00f3rdia de Seia - ERPI\",\"description\":\"Estrutura Residencial para Pessoas Idosas\",\"publisher\":{\"@id\":\"https:\\\/\\\/www.misericordiadeseia.pt\\\/erpi\\\/#organization\"},\"potentialAction\":[{\"@type\":\"SearchAction\",\"target\":{\"@type\":\"EntryPoint\",\"urlTemplate\":\"https:\\\/\\\/www.misericordiadeseia.pt\\\/erpi\\\/?s={search_term_string}\"},\"query-input\":{\"@type\":\"PropertyValueSpecification\",\"valueRequired\":true,\"valueName\":\"search_term_string\"}}],\"inLanguage\":\"pt-PT\"},{\"@type\":\"Organization\",\"@id\":\"https:\\\/\\\/www.misericordiadeseia.pt\\\/erpi\\\/#organization\",\"name\":\"Miseric\u00f3rdia de Seia - ERPI\",\"url\":\"https:\\\/\\\/www.misericordiadeseia.pt\\\/erpi\\\/\",\"logo\":{\"@type\":\"ImageObject\",\"inLanguage\":\"pt-PT\",\"@id\":\"https:\\\/\\\/www.misericordiadeseia.pt\\\/erpi\\\/#\\\/schema\\\/logo\\\/image\\\/\",\"url\":\"https:\\\/\\\/www.misericordiadeseia.pt\\\/erpi\\\/wp-content\\\/uploads\\\/2021\\\/03\\\/logo-misericordiadeseia.png\",\"contentUrl\":\"https:\\\/\\\/www.misericordiadeseia.pt\\\/erpi\\\/wp-content\\\/uploads\\\/2021\\\/03\\\/logo-misericordiadeseia.png\",\"width\":1646,\"height\":445,\"caption\":\"Miseric\u00f3rdia de Seia - ERPI\"},\"image\":{\"@id\":\"https:\\\/\\\/www.misericordiadeseia.pt\\\/erpi\\\/#\\\/schema\\\/logo\\\/image\\\/\"}}]}<\/script>\n<!-- \/ Yoast SEO plugin. -->","yoast_head_json":{"title":"Contactos - Miseric\u00f3rdia de Seia - ERPI","robots":{"index":"index","follow":"follow","max-snippet":"max-snippet:-1","max-image-preview":"max-image-preview:large","max-video-preview":"max-video-preview:-1"},"canonical":"https:\/\/www.misericordiadeseia.pt\/erpi\/contactos\/","og_locale":"pt_PT","og_type":"article","og_title":"Contactos - Miseric\u00f3rdia de Seia - ERPI","og_description":"Contactos Se tiver alguma d\u00favida, n\u00e3o hesite em enviar-nos uma mensagem. Estrutura Residencial para Pessoas Idosas Av. Nossa Senhora da Concei\u00e7\u00e3o, n.\u00ba3, 6270-211 Santiago-Seia +351 238 310 080 * lar@misericordiadeseia.pt * Chamada para a rede fixa nacional Facebook Linkedin Instagram","og_url":"https:\/\/www.misericordiadeseia.pt\/erpi\/contactos\/","og_site_name":"Miseric\u00f3rdia de Seia - ERPI","article_modified_time":"2025-02-20T15:29:32+00:00","og_image":[{"width":512,"height":512,"url":"https:\/\/www.misericordiadeseia.pt\/erpi\/wp-content\/uploads\/2021\/03\/cropped-icone-512x512-1.png","type":"image\/png"}],"twitter_card":"summary_large_image","twitter_misc":{"Tempo estimado de leitura":"1 minuto"},"schema":{"@context":"https:\/\/schema.org","@graph":[{"@type":"WebPage","@id":"https:\/\/www.misericordiadeseia.pt\/erpi\/contactos\/","url":"https:\/\/www.misericordiadeseia.pt\/erpi\/contactos\/","name":"Contactos - Miseric\u00f3rdia de Seia - ERPI","isPartOf":{"@id":"https:\/\/www.misericordiadeseia.pt\/erpi\/#website"},"primaryImageOfPage":{"@id":"https:\/\/www.misericordiadeseia.pt\/erpi\/contactos\/#primaryimage"},"image":{"@id":"https:\/\/www.misericordiadeseia.pt\/erpi\/contactos\/#primaryimage"},"thumbnailUrl":"https:\/\/www.misericordiadeseia.pt\/erpi\/wp-content\/uploads\/2021\/03\/cropped-icone-512x512-1.png","datePublished":"2021-05-21T09:44:35+00:00","dateModified":"2025-02-20T15:29:32+00:00","breadcrumb":{"@id":"https:\/\/www.misericordiadeseia.pt\/erpi\/contactos\/#breadcrumb"},"inLanguage":"pt-PT","potentialAction":[{"@type":"ReadAction","target":["https:\/\/www.misericordiadeseia.pt\/erpi\/contactos\/"]}]},{"@type":"ImageObject","inLanguage":"pt-PT","@id":"https:\/\/www.misericordiadeseia.pt\/erpi\/contactos\/#primaryimage","url":"https:\/\/www.misericordiadeseia.pt\/erpi\/wp-content\/uploads\/2021\/03\/cropped-icone-512x512-1.png","contentUrl":"https:\/\/www.misericordiadeseia.pt\/erpi\/wp-content\/uploads\/2021\/03\/cropped-icone-512x512-1.png","width":512,"height":512},{"@type":"BreadcrumbList","@id":"https:\/\/www.misericordiadeseia.pt\/erpi\/contactos\/#breadcrumb","itemListElement":[{"@type":"ListItem","position":1,"name":"In\u00edcio","item":"https:\/\/www.misericordiadeseia.pt\/erpi\/"},{"@type":"ListItem","position":2,"name":"Contactos"}]},{"@type":"WebSite","@id":"https:\/\/www.misericordiadeseia.pt\/erpi\/#website","url":"https:\/\/www.misericordiadeseia.pt\/erpi\/","name":"Miseric\u00f3rdia de Seia - ERPI","description":"Estrutura Residencial para Pessoas Idosas","publisher":{"@id":"https:\/\/www.misericordiadeseia.pt\/erpi\/#organization"},"potentialAction":[{"@type":"SearchAction","target":{"@type":"EntryPoint","urlTemplate":"https:\/\/www.misericordiadeseia.pt\/erpi\/?s={search_term_string}"},"query-input":{"@type":"PropertyValueSpecification","valueRequired":true,"valueName":"search_term_string"}}],"inLanguage":"pt-PT"},{"@type":"Organization","@id":"https:\/\/www.misericordiadeseia.pt\/erpi\/#organization","name":"Miseric\u00f3rdia de Seia - ERPI","url":"https:\/\/www.misericordiadeseia.pt\/erpi\/","logo":{"@type":"ImageObject","inLanguage":"pt-PT","@id":"https:\/\/www.misericordiadeseia.pt\/erpi\/#\/schema\/logo\/image\/","url":"https:\/\/www.misericordiadeseia.pt\/erpi\/wp-content\/uploads\/2021\/03\/logo-misericordiadeseia.png","contentUrl":"https:\/\/www.misericordiadeseia.pt\/erpi\/wp-content\/uploads\/2021\/03\/logo-misericordiadeseia.png","width":1646,"height":445,"caption":"Miseric\u00f3rdia de Seia - ERPI"},"image":{"@id":"https:\/\/www.misericordiadeseia.pt\/erpi\/#\/schema\/logo\/image\/"}}]}},"_links":{"self":[{"href":"https:\/\/www.misericordiadeseia.pt\/erpi\/wp-json\/wp\/v2\/pages\/48","targetHints":{"allow":["GET"]}}],"collection":[{"href":"https:\/\/www.misericordiadeseia.pt\/erpi\/wp-json\/wp\/v2\/pages"}],"about":[{"href":"https:\/\/www.misericordiadeseia.pt\/erpi\/wp-json\/wp\/v2\/types\/page"}],"author":[{"embeddable":true,"href":"https:\/\/www.misericordiadeseia.pt\/erpi\/wp-json\/wp\/v2\/users\/3"}],"replies":[{"embeddable":true,"href":"https:\/\/www.misericordiadeseia.pt\/erpi\/wp-json\/wp\/v2\/comments?post=48"}],"version-history":[{"count":87,"href":"https:\/\/www.misericordiadeseia.pt\/erpi\/wp-json\/wp\/v2\/pages\/48\/revisions"}],"predecessor-version":[{"id":1101,"href":"https:\/\/www.misericordiadeseia.pt\/erpi\/wp-json\/wp\/v2\/pages\/48\/revisions\/1101"}],"wp:attachment":[{"href":"https:\/\/www.misericordiadeseia.pt\/erpi\/wp-json\/wp\/v2\/media?parent=48"}],"curies":[{"name":"wp","href":"https:\/\/api.w.org\/{rel}","templated":true}]}}